[INFO] cloning repository https://github.com/cecton/blueprint-rs
[INFO] running `Command { std: "git" "-c" "credential.helper=" "-c" "credential.helper=/workspace/cargo-home/bin/git-credential-null" "clone" "--bare" "https://github.com/cecton/blueprint-rs" "/workspace/cache/git-repos/https%3A%2F%2Fgithub.com%2Fcecton%2Fblueprint-rs", kill_on_drop: false }`
[INFO] [stderr] Cloning into bare repository '/workspace/cache/git-repos/https%3A%2F%2Fgithub.com%2Fcecton%2Fblueprint-rs'...
[INFO] running `Command { std: "git" "rev-parse" "HEAD", kill_on_drop: false }`
[INFO] [stdout] e3ad2d2ed261abb7c6b423a519076f93abacaba1
[INFO] checking cecton/blueprint-rs against try#72f88fc4e9458f89516a0b8b0868f3718aec5b47 for pr-74989
[INFO] running `Command { std: "git" "clone" "/workspace/cache/git-repos/https%3A%2F%2Fgithub.com%2Fcecton%2Fblueprint-rs" "/workspace/builds/worker-7/source", kill_on_drop: false }`
[INFO] [stderr] Cloning into '/workspace/builds/worker-7/source'...
[INFO] [stderr] done.
[INFO] validating manifest of git repo https://github.com/cecton/blueprint-rs on toolchain 72f88fc4e9458f89516a0b8b0868f3718aec5b47
[INFO] running `Command { std: "/workspace/cargo-home/bin/cargo" "+72f88fc4e9458f89516a0b8b0868f3718aec5b47" "read-manifest" "--manifest-path" "Cargo.toml", kill_on_drop: false }`
[INFO] started tweaking git repo https://github.com/cecton/blueprint-rs
[INFO] finished tweaking git repo https://github.com/cecton/blueprint-rs
[INFO] tweaked toml for git repo https://github.com/cecton/blueprint-rs written to /workspace/builds/worker-7/source/Cargo.toml
[INFO] crate git repo https://github.com/cecton/blueprint-rs already has a lockfile, it will not be regenerated
[INFO] running `Command { std: "/workspace/cargo-home/bin/cargo" "+72f88fc4e9458f89516a0b8b0868f3718aec5b47" "fetch" "--locked" "--manifest-path" "Cargo.toml", kill_on_drop: false }`
[INFO] [stderr]     Updating git repository `https://github.com/yewstack/yew.git`
[INFO] [stderr]  Downloading crates ...
[INFO] [stderr]   Downloaded gloo-file v0.1.0
[INFO] [stderr]   Downloaded cfg-match v0.2.1
[INFO] [stderr]   Downloaded gloo-console-timer v0.1.0
[INFO] [stderr]   Downloaded gloo-events v0.1.1
[INFO] [stderr]   Downloaded indexmap v1.5.2
[INFO] [stderr]   Downloaded gloo v0.2.1
[INFO] running `Command { std: "docker" "create" "-v" "/var/lib/crater-agent-workspace/builds/worker-7/target:/opt/rustwide/target:rw,Z" "-v" "/var/lib/crater-agent-workspace/builds/worker-7/source:/opt/rustwide/workdir:ro,Z" "-v" "/var/lib/crater-agent-workspace/cargo-home:/opt/rustwide/cargo-home:ro,Z" "-v" "/var/lib/crater-agent-workspace/rustup-home:/opt/rustwide/rustup-home:ro,Z" "-e" "SOURCE_DIR=/opt/rustwide/workdir" "-e" "CARGO_TARGET_DIR=/opt/rustwide/target" "-e" "CARGO_HOME=/opt/rustwide/cargo-home" "-e" "RUSTUP_HOME=/opt/rustwide/rustup-home" "-w" "/opt/rustwide/workdir" "-m" "1610612736" "--user" "0:0" "--network" "none" "rustops/crates-build-env@sha256:d92eaeed33fa75130ca1ee6c8a01d1ffb62bac859dfdfb3450e3e5d1c0146529" "/opt/rustwide/cargo-home/bin/cargo" "+72f88fc4e9458f89516a0b8b0868f3718aec5b47" "metadata" "--no-deps" "--format-version=1", kill_on_drop: false }`
[INFO] [stdout] 78fb9cc2d2abd76f926eca825a24ecb451900e48918a22ae053f79f534412a90
[INFO] [stderr] WARNING: Your kernel does not support swap limit capabilities or the cgroup is not mounted. Memory limited without swap.
[INFO] running `Command { std: "docker" "start" "-a" "78fb9cc2d2abd76f926eca825a24ecb451900e48918a22ae053f79f534412a90", kill_on_drop: false }`
[INFO] running `Command { std: "docker" "inspect" "78fb9cc2d2abd76f926eca825a24ecb451900e48918a22ae053f79f534412a90", kill_on_drop: false }`
[INFO] running `Command { std: "docker" "rm" "-f" "78fb9cc2d2abd76f926eca825a24ecb451900e48918a22ae053f79f534412a90", kill_on_drop: false }`
[INFO] [stdout] 78fb9cc2d2abd76f926eca825a24ecb451900e48918a22ae053f79f534412a90
[INFO] running `Command { std: "docker" "create" "-v" "/var/lib/crater-agent-workspace/builds/worker-7/target:/opt/rustwide/target:rw,Z" "-v" "/var/lib/crater-agent-workspace/builds/worker-7/source:/opt/rustwide/workdir:ro,Z" "-v" "/var/lib/crater-agent-workspace/cargo-home:/opt/rustwide/cargo-home:ro,Z" "-v" "/var/lib/crater-agent-workspace/rustup-home:/opt/rustwide/rustup-home:ro,Z" "-e" "SOURCE_DIR=/opt/rustwide/workdir" "-e" "CARGO_TARGET_DIR=/opt/rustwide/target" "-e" "CARGO_INCREMENTAL=0" "-e" "RUST_BACKTRACE=full" "-e" "RUSTFLAGS=--cap-lints=forbid" "-e" "CARGO_HOME=/opt/rustwide/cargo-home" "-e" "RUSTUP_HOME=/opt/rustwide/rustup-home" "-w" "/opt/rustwide/workdir" "-m" "1610612736" "--user" "0:0" "--network" "none" "rustops/crates-build-env@sha256:d92eaeed33fa75130ca1ee6c8a01d1ffb62bac859dfdfb3450e3e5d1c0146529" "/opt/rustwide/cargo-home/bin/cargo" "+72f88fc4e9458f89516a0b8b0868f3718aec5b47" "check" "--frozen" "--all" "--all-targets" "--message-format=json", kill_on_drop: false }`
[INFO] [stdout] bfc81827ebe6e895b238430538ffb19fe5c2fcd5963f8b91b19441f4453b03cd
[INFO] [stderr] WARNING: Your kernel does not support swap limit capabilities or the cgroup is not mounted. Memory limited without swap.
[INFO] running `Command { std: "docker" "start" "-a" "bfc81827ebe6e895b238430538ffb19fe5c2fcd5963f8b91b19441f4453b03cd", kill_on_drop: false }`
[INFO] [stderr]     Blocking waiting for file lock on package cache
[INFO] [stderr]    Compiling log v0.4.11
[INFO] [stderr]     Checking cfg-if v0.1.10
[INFO] [stderr]    Compiling serde_derive v1.0.115
[INFO] [stderr]    Compiling memchr v2.3.3
[INFO] [stderr]     Checking once_cell v1.4.1
[INFO] [stderr]    Compiling serde v1.0.115
[INFO] [stderr]     Checking slab v0.4.2
[INFO] [stderr]     Checking futures-io v0.3.5
[INFO] [stderr]    Compiling ryu v1.0.5
[INFO] [stderr]     Checking pin-utils v0.1.0
[INFO] [stderr]     Checking itoa v0.4.6
[INFO] [stderr]    Compiling anyhow v1.0.32
[INFO] [stderr]    Compiling regex-syntax v0.6.18
[INFO] [stderr]    Compiling unicode-segmentation v1.6.0
[INFO] [stderr]    Compiling yew v0.17.3 (https://github.com/yewstack/yew.git?rev=1507c21b#1507c21b)
[INFO] [stderr]     Checking fnv v1.0.7
[INFO] [stderr]     Checking anymap v0.12.1
[INFO] [stderr]     Checking snowflake v1.3.0
[INFO] [stderr]    Compiling hashbrown v0.8.2
[INFO] [stderr]    Compiling indexmap v1.5.2
[INFO] [stderr]    Compiling proc-macro2 v1.0.19
[INFO] [stderr]     Checking http v0.2.1
[INFO] [stderr]     Checking futures-task v0.3.5
[INFO] [stderr]     Checking id_tree v1.7.0
[INFO] [stderr]    Compiling heck v0.3.1
[INFO] [stderr]    Compiling quote v1.0.7
[INFO] [stderr]    Compiling syn v1.0.39
[INFO] [stderr]    Compiling regex v1.3.9
[INFO] [stderr]    Compiling blueprint-rs v0.1.0 (/opt/rustwide/workdir)
[INFO] [stderr]    Compiling wasm-bindgen-backend v0.2.67
[INFO] [stderr]    Compiling wasm-bindgen-macro-support v0.2.67
[INFO] [stderr]    Compiling pin-project-internal v0.4.23
[INFO] [stderr]    Compiling futures-macro v0.3.5
[INFO] [stderr]    Compiling thiserror-impl v1.0.20
[INFO] [stderr]    Compiling yew-macro v0.17.0 (https://github.com/yewstack/yew.git?rev=1507c21b#1507c21b)
[INFO] [stderr]    Compiling wasm-bindgen-macro v0.2.67
[INFO] [stderr]     Checking wasm-bindgen v0.2.67
[INFO] [stderr]     Checking thiserror v1.0.20
[INFO] [stderr]     Checking js-sys v0.3.44
[INFO] [stderr]     Checking console_error_panic_hook v0.1.6
[INFO] [stderr]     Checking pin-project v0.4.23
[INFO] [stderr]     Checking futures-util v0.3.5
[INFO] [stderr]     Checking web-sys v0.3.44
[INFO] [stderr]     Checking wasm-bindgen-futures v0.4.17
[INFO] [stderr]     Checking futures-executor v0.3.5
[INFO] [stderr]     Checking futures v0.3.5
[INFO] [stderr]     Checking bincode v1.2.1
[INFO] [stderr]     Checking serde_json v1.0.57
[INFO] [stderr]     Checking gloo-events v0.1.1
[INFO] [stderr]     Checking gloo-console-timer v0.1.0
[INFO] [stderr]     Checking gloo-timers v0.2.1
[INFO] [stderr]     Checking gloo-file v0.1.0
[INFO] [stderr]     Checking gloo v0.2.1
[INFO] [stdout] error[E0425]: cannot find function `icon_svg_paths_16` in this scope
[INFO] [stdout]   --> src/icon.rs:63:13
[INFO] [stdout]    |
[INFO] [stdout] 63 |             icon_svg_paths_16(self.props.icon)
[INFO] [stdout]    |             ^^^^^^^^^^^^^^^^^ not found in this scope
[INFO] [stdout] 
[INFO] [stdout] 
[INFO] [stdout] error[E0425]: cannot find function `icon_svg_paths_20` in this scope
[INFO] [stdout]   --> src/icon.rs:65:13
[INFO] [stdout]    |
[INFO] [stdout] 65 |             icon_svg_paths_20(self.props.icon)
[INFO] [stdout]    |             ^^^^^^^^^^^^^^^^^ not found in this scope
[INFO] [stdout] 
[INFO] [stdout] 
[INFO] [stdout] error[E0425]: cannot find function `icon_svg_paths_16` in this scope
[INFO] [stdout]   --> src/icon.rs:63:13
[INFO] [stdout]    |
[INFO] [stdout] 63 |             icon_svg_paths_16(self.props.icon)
[INFO] [stdout]    |             ^^^^^^^^^^^^^^^^^ not found in this scope
[INFO] [stdout] 
[INFO] [stdout] 
[INFO] [stdout] error[E0425]: cannot find function `icon_svg_paths_20` in this scope
[INFO] [stdout]   --> src/icon.rs:65:13
[INFO] [stdout]    |
[INFO] [stdout] 65 |             icon_svg_paths_20(self.props.icon)
[INFO] [stdout]    |             ^^^^^^^^^^^^^^^^^ not found in this scope
[INFO] [stdout] 
[INFO] [stdout] 
[INFO] [stdout] error[E0599]: no variant or associated item named `Blank` found for enum `IconName` in the current scope
[INFO] [stdout]  --> src/icon.rs:8:19
[INFO] [stdout]   |
[INFO] [stdout] 8 |         IconName::Blank
[INFO] [stdout]   |                   ^^^^^ variant or associated item not found in `IconName`
[INFO] [stdout]   | 
[INFO] [stdout]  ::: /opt/rustwide/target/debug/build/blueprint-rs-d054399119633c4e/out/icon_svg_paths.rs:2:1
[INFO] [stdout]   |
[INFO] [stdout] 2 | pub enum IconName {
[INFO] [stdout]   | ----------------- variant or associated item `Blank` not found here
[INFO] [stdout] 
[INFO] [stdout] 
[INFO] [stdout] error[E0599]: no variant or associated item named `ChevronRight` found for enum `IconName` in the current scope
[INFO] [stdout]    --> src/tree.rs:213:52
[INFO] [stdout]     |
[INFO] [stdout] 213 | ...                   icon=IconName::ChevronRight
[INFO] [stdout]     |                                      ^^^^^^^^^^^^ variant or associated item not found in `IconName`
[INFO] [stdout]     | 
[INFO] [stdout]    ::: /opt/rustwide/target/debug/build/blueprint-rs-d054399119633c4e/out/icon_svg_paths.rs:2:1
[INFO] [stdout]     |
[INFO] [stdout] 2   | pub enum IconName {
[INFO] [stdout]     | ----------------- variant or associated item `ChevronRight` not found here
[INFO] [stdout] 
[INFO] [stdout] 
[INFO] [stdout] error: aborting due to 4 previous errors
[INFO] [stdout] 
[INFO] [stdout] 
[INFO] [stdout] Some errors have detailed explanations: E0425, E0599.
[INFO] [stdout] 
[INFO] [stdout] For more information about an error, try `rustc --explain E0425`.
[INFO] [stdout] 
[INFO] [stderr] error: could not compile `blueprint-rs`.
[INFO] [stderr] 
[INFO] [stderr] To learn more, run the command again with --verbose.
[INFO] [stdout] error[E0599]: no variant or associated item named `Blank` found for enum `IconName` in the current scope
[INFO] [stdout]  --> src/icon.rs:8:19
[INFO] [stdout]   |
[INFO] [stdout] 8 |         IconName::Blank
[INFO] [stdout]   |                   ^^^^^ variant or associated item not found in `IconName`
[INFO] [stdout]   | 
[INFO] [stdout]  ::: /opt/rustwide/target/debug/build/blueprint-rs-d054399119633c4e/out/icon_svg_paths.rs:2:1
[INFO] [stdout]   |
[INFO] [stdout] 2 | pub enum IconName {
[INFO] [stdout]   | ----------------- variant or associated item `Blank` not found here
[INFO] [stdout] 
[INFO] [stdout] 
[INFO] [stderr] warning: build failed, waiting for other jobs to finish...
[INFO] [stdout] error[E0599]: no variant or associated item named `ChevronRight` found for enum `IconName` in the current scope
[INFO] [stdout]    --> src/tree.rs:213:52
[INFO] [stdout]     |
[INFO] [stdout] 213 | ...                   icon=IconName::ChevronRight
[INFO] [stdout]     |                                      ^^^^^^^^^^^^ variant or associated item not found in `IconName`
[INFO] [stdout]     | 
[INFO] [stdout]    ::: /opt/rustwide/target/debug/build/blueprint-rs-d054399119633c4e/out/icon_svg_paths.rs:2:1
[INFO] [stdout]     |
[INFO] [stdout] 2   | pub enum IconName {
[INFO] [stdout]     | ----------------- variant or associated item `ChevronRight` not found here
[INFO] [stdout] 
[INFO] [stdout] 
[INFO] [stdout] error: aborting due to 4 previous errors
[INFO] [stdout] 
[INFO] [stdout] 
[INFO] [stdout] Some errors have detailed explanations: E0425, E0599.
[INFO] [stdout] 
[INFO] [stdout] For more information about an error, try `rustc --explain E0425`.
[INFO] [stdout] 
[INFO] [stderr] error: build failed
[INFO] running `Command { std: "docker" "inspect" "bfc81827ebe6e895b238430538ffb19fe5c2fcd5963f8b91b19441f4453b03cd", kill_on_drop: false }`
[INFO] running `Command { std: "docker" "rm" "-f" "bfc81827ebe6e895b238430538ffb19fe5c2fcd5963f8b91b19441f4453b03cd", kill_on_drop: false }`
[INFO] [stdout] bfc81827ebe6e895b238430538ffb19fe5c2fcd5963f8b91b19441f4453b03cd
